
True
Is 47 a factor of 752?
True
Is 2534 a multiple of 21?
False
Is 2785 a multiple of 68?
False
Is 73276 a multiple of 14?
True
Does 58 divide 290?
True
Is 82 a factor of 12628?
True
Is 3108 a multiple of 12?
True
Is 67936 a multiple of 22?
True
Is 2875 a multiple of 5?
True
Does 81 divide 17421?
False
Is 1655 a multiple of 34?
False
Is 472 a multiple of 4?
True
Is 48482 a multiple of 88?
False
Is 88 a multiple of 4?
True
Does 31 divide 45043?
True
Does 11 divide 4856?
False
Is 257 a multiple of 20?
False
Does 24 divide 1392?
True
Is 113 a factor of 11639?
True
Is 522 a multiple of 6?
True
Is 2346 a multiple of 12?
False
Does 20 divide 180?
True
Is 7686 a multiple of 9?
True
Is 149 a factor of 30545?
True
Is 165 a multiple of 18?
False
Is 3340 a multiple of 64?
False
Does 21 divide 3129?
True
Is 5200 a multiple of 16?
True
Is 78 a factor of 234?
True
Is 170 a factor of 22641?
False
Is 23 a factor of 2192?
False
Is 814 a multiple of 74?
True
Is 23 a factor of 2829?
True
Is 22763 a multiple of 83?
False
Is 778 a multiple of 3?
False
Is 122 a factor of 2440?
True
Is 913 a multiple of 11?
True
Does 24 divide 378?
False
Is 8 a factor of 464?
True
Is 60 a factor of 4320?
True
Is 55 a multiple of 11?
True
Does 7 divide 945?
True
Does 2 divide 4901?
False
Is 95 a multiple of 6?
False
Does 23 divide 2753?
False
Does 40 divide 8960?
True
Does 53 divide 89902?
False
Is 1835 a multiple of 80?
False
Does 79 divide 1036?
False
Does 7 divide 16177?
True
Does 52 divide 1456?
True
Is 42189 a multiple of 147?
True
Does 10 divide 6678?
False
Is 9464 a multiple of 14?
True
Is 126 a multiple of 3?
True
Is 1487 a multiple of 4?
False
Does 97 divide 3636?
False
Is 14645 a multiple of 29?
True
Is 422 a multiple of 23?
False
Is 15 a factor of 375?
True
Is 15210 a multiple of 39?
True
Is 3 a factor of 630?
True
Is 3 a factor of 8?
False
Is 855 a multiple of 171?
True
Does 126 divide 23265?
False
Is 111 a factor of 102231?
True
Does 9 divide 3801?
False
Is 5773 a multiple of 52?
False
Does 57 divide 1596?
True
Does 24 divide 21705?
False
Is 22330 a multiple of 6?
False
Is 15300 a multiple of 50?
True
Is 9 a factor of 963?
True
Is 345 a multiple of 15?
True
Is 272 a multiple of 16?
True
Is 40 a factor of 1200?
True
Is 12 a factor of 10788?
True
Does 34 divide 20978?
True
Does 164 divide 21320?
True
Does 26 divide 3243?
False
Does 50 divide 105?
False
Does 14 divide 4564?
True
Is 6 a factor of 22180?
False
Is 2 a factor of 1252?
True
Is 19 a factor of 361?
True
Does 10 divide 700?
True
Is 35087 a multiple of 47?
False
Does 15 divide 3201?
False
Is 29 a factor of 20566?
False
Does 80 divide 49280?
True
Is 176 a multiple of 16?
True
Is 5 a factor of 288?
False
Does 50 divide 300?
True
Is 28 a factor of 2901?
False
Is 10 a factor of 7836?
False
Is 607 a multiple of 4?
False
Is 2316 a multiple of 32?
False
Is 17 a factor of 255?
True
Does 115 divide 79408?
False
Does 152 divide 5624?
True
Does 18 divide 766?
False
Is 3157 a multiple of 77?
True
Is 130416 a multiple of 104?
True
Is 3 a factor of 459?
True
Does 57 divide 22406?
False
Does 94 divide 3290?
True
Does 16 divide 2240?
True
Is 10 a factor of 3362?
False
Is 73118 a multiple of 39?
False
Does 34 divide 415?
False
Does 23 divide 1103?
False
Is 23808 a multiple of 96?
True
Is 3 a factor of 55?
False
Is 132 a multiple of 27?
False
Does 8 divide 35128?
True
Is 3030 a multiple of 5?
True
Is 6 a factor of 1409?
False
Is 91 a factor of 125580?
True
Is 109224 a multiple of 369?
True
Does 12 divide 276?
True
Does 3 divide 7172?
False
Is 88 a factor of 45408?
True
Is 1736 a multiple of 25?
False
Is 18449 a multiple of 27?
False
Is 38 a factor of 5776?
True
Does 50 divide 1554?
False
Does 6 divide 4685?
False
Is 19 a factor of 749?
False
Is 98 a factor of 2744?
True
Is 80 a multiple of 8?
True
Is 10640 a multiple of 40?
True
Is 286 a multiple of 13?
True
Is 22 a factor of 12562?
True
Does 90 divide 90351?
False
Does 62 divide 2046?
True
Does 107 divide 2256?
False
Is 26 a factor of 988?
True
Is 54 a factor of 4374?
True
Is 48 a factor of 8077?
False
Is 70 a factor of 4550?
True
Does 6 divide 96?
True
Is 2704 a multiple of 104?
True
Does 25 divide 11145?
False
Is 3480 a multiple of 12?
True
Does 2 divide 709?
False
Is 121 a multiple of 60?
False
Does 12 divide 14748?
True
Is 15574 a multiple of 12?
False
Does 5 divide 673?
False
Is 204 a multiple of 11?
False
Is 277 a factor of 7290?
False
Is 152 a factor of 30477?
False
Is 50 a factor of 500?
True
Is 4 a factor of 30470?
False
Is 5 a multiple of 3?
False
Is 79 a factor of 28835?
True
Is 767 a multiple of 37?
False
Is 5760 a multiple of 32?
True
Is 8 a factor of 1574?
False
Is 7608 a multiple of 8?
True
Is 2546 a multiple of 38?
True
Is 90891 a multiple of 9?
True
Does 8 divide 4448?
True
Is 8840 a multiple of 130?
True
Is 14 a factor of 336?
True
Does 36 divide 756?
True
Does 23 divide 17940?
True
Is 817 a multiple of 19?
True
Is 32990 even?
True
Does 18 divide 5542?
False
Is 8960 a multiple of 70?
True
Is 25789 a multiple of 37?
True
Does 49 divide 66?
False
Is 57 a multiple of 10?
False
Is 13 a factor of 1167?
False
Is 4 a factor of 597?
False
Is 87 a factor of 16051?
False
Is 2280 a multiple of 19?
True
Is 3 a factor of 1699?
False
Is 4 a factor of 15?
False
Is 225 a factor of 34487?
False
Is 15050 a multiple of 35?
True
Is 3360 a multiple of 28?
True
Is 105493 a multiple of 31?
True
Does 16 divide 1279?
False
Is 15 a factor of 32957?
False
Does 7 divide 5775?
True
Is 1822 a multiple of 37?
False
Does 20 divide 11640?
True
Is 3 a factor of 208?
False
Is 18 a factor of 1332?
True
Is 12557 a multiple of 4?
False
Is 113 a factor of 17768?
False
Is 130 a multiple of 39?
False
Is 152 a factor of 33136?
True
Is 33 a factor of 495?
True
Is 65 a factor of 1412?
False
Is 5 a factor of 729?
False
Is 24 a factor of 144?
True
Is 9 a factor of 57178?
False
Is 306 a multiple of 6?
True
Is 4637 a multiple of 29?
False
Is 12 a factor of 4514?
False
Is 364 a multiple of 11?
False
Does 54 divide 2754?
True
Does 4 divide 311?
False
Does 7 divide 6829?
False
Is 9646 a multiple of 106?
True
Does 48 divide 2083?
False
Is 153 a factor of 96543?
True
Is 4511 a multiple of 44?
False
Is 4 a factor of 900?
True
Is 32256 a multiple of 8?
True
Does 20 divide 281?
False
Does 32 divide 83?
False
Is 22 a factor of 3529?
False
Is 1514 a multiple of 8?
False
Is 596 a multiple of 4?
True
Does 8 divide 5679?
False
Is 410 a factor of 129546?
False
Is 23 a factor of 3496?
True
Is 560 a multiple of 10?
True
Is 861 a multiple of 34?
False
Is 29 a factor of 238?
False
Is 2 a factor of 2864?
True
Is 133 a factor of 3990?
True
Is 29 a factor of 1345?
False
Does 40 divide 480?
True
Is 983 a multiple of 51?
False
Does 31 divide 1023?
True
Is 60 a factor of 1007?
False
Does 18 divide 180?
True
Is 600 a multiple of 65?
False
Does 53 divide 763?
False
Is 801 a multiple of 9?
True
Is 11008 a multiple of 361?
False
Is 48 a factor of 865?
False
Does 19 divide 9020?
False
Is 15353 a multiple of 101?
False
Is 1016 a multiple of 2?
True
Does 21 divide 42?
True
Is 1848 a multiple of 11?
True
Is 12 a factor of 216?
True
Does 4 divide 114?
False
Is 9 a factor of 11578?
False
Does 14 divide 3360?
True
Is 61 a factor of 65270?
True
Is 9 a factor of 1935?
True
Does 102 divide 3876?
True
Is 23532 a multiple of 106?
True
Is 2124 a multiple of 39?
False
Does 10 divide 5133?
False
Is 2 a factor of 1887?
False
Is 22 a factor of 2395?
False
Is 48 a factor of 3648?
True
Does 26 divide 980?
False
Is 187 a factor of 108273?
True
Is 792 a multiple of 16?
False
Does 5 divide 149?
False
Is 12 a factor of 41940?
True
Is 50 a factor of 150?
True
Is 10 a factor of 5280?
True
Does 68 divide 10268?
True
Does 31 divide 544?
False
Is 22 a factor of 22?
True
Is 16311 a multiple of 45?
False
Is 482 a multiple of 27?
False
Is 2 a factor of 265?
False
Is 20 a factor of 1099?
False
Does 5 divide 340?
True
Does 71 divide 960?
False
Is 85722 a multiple of 546?
True
Does 80 divide 11770?
False
Is 21 a factor of 3770?
False
Does 66 divide 2838?
True
Does 133 divide 93973?
False
Does 58 divide 416?
False
Is 33238 a multiple of 372?
False
Is 5 a factor of 44976?
False
Is 1307 a multiple of 18?
False
Does 8 divide 2222?
False
Does 37 divide 1961?
True
Is 31 a